3 - 7*y**2 - 4*y + 7. Let p be g(-6). Is (-8676)/p + (-11)/5 + 2 a prime number?
False
Suppose 0 = 15*o - 14*o - 14809. Is o a composite number?
True
Is (39/(-63) + (-10)/(-35))*-10623 a prime number?
True
Let j(m) = 13*m**2 - 5*m - 3. Let c be j(-10). Suppose c = 3*u + 2*w, 2*u - 4*w + w - 898 = 0. Is u composite?
False
Let z(m) = 103*m**2 - 10*m - 454. Is z(-27) a composite number?
False
Let f = 3207 - 1323. Suppose -5*s + f = -1321. Is s a composite number?
False
Let z = 9766 + -6333. Is z composite?
False
Suppose -2*c = -32*c + 412170. Is c a composite number?
True
Let j(p) = 2 - 7*p + p**2 + 7*p**2 + 11*p**2. Let k be j(-6). Let a = 1165 - k. Is a prime?
False
Let i be 28/12 - (-2)/(-6). Let g be i - ((-2)/1 - 0). Is g/(-6) + 118/6 prime?
True
Let g(q) = -3*q + 25. Let o be g(10). Let r(x) = 15*x**2 + 9*x - 11. Is r(o) composite?
True
Is ((-51)/9 - -6)/(2/5028) prime?
False
Suppose -x + 2*o - 1 = -0*x, 0 = -5*x - 2*o + 55. Let v be ((-6)/(-18))/(1/x). Suppose 7*r - v*r - 838 = -2*u, -5*u = 5*r - 2080. Is u a composite number?
True
Suppose -15 = -3*v - 2*v. Suppose 0 = -v*p + 4*j + 606, 3*p - 5*j + 391 = 1000. Let i = -119 + p. Is i a prime number?
True
Suppose -5*k + 8*k = 3489. Let z = 616 + k. Is z composite?
True
Let z(c) = c + 10. Let f be z(-7). Let h be (-3)/((27/(-15))/f). Suppose -619 - 930 = -4*a + h*m, -5*a - 5*m + 1970 = 0. Is a composite?
True
Let a(j) = 15*j**3 + 6*j**2 + 9*j - 5. Suppose 0*w - 2*y - 4 = -w, 5*w = 2*y + 20. Is a(w) composite?
False
Is -44819*3*(-5)/15 prime?
True
Let b = 143 + -214. Let u = 138 + b. Is u composite?
False
Let g(u) = 745*u**2 - 10*u + 23. Is g(-10) a prime number?
True
Suppose 0 = 5*q + 2*s - 4*s - 3100, 5 = -s. Suppose 3*y + 158 = g - q, 5*g - 3980 = -5*y. Is g a composite number?
True
Let r = 64244 - 43395. Is r a composite number?
False
Let j(w) = 74*w - 43. Suppose o + 18 = x - 4*o, 0 = 2*x - 4*o - 30. Is j(x) a prime number?
True
Suppose -438*h + 111286 = -424*h. Is h prime?
True
Suppose -6*k + 7*k + 59308 = 5*l, -4*l + 4*k = -47440. Suppose -4*v - 2*i + l = 0, 0 = 3*v + 5*i + 5314 - 14214. Is v a prime number?
False
Let q = 170 - 100. Let r = 124 + q. Is r prime?
False
Let b = -12 - -17. Suppose b*j = -z - 6, 4*z = -3*j + 9 + 35. Suppose 2*y + 2*f = 110 + z, 3*y + 4*f = 189. Is y a composite number?
False
Suppose -5*x = -d - 1131, 0 = -d - 0*x - 4*x - 1122. Is d*(-2)/4*1 a prime number?
True
Suppose 0 = 3*a - 4*a - 97. Let o = a - -203. Is o prime?
False
Let r = 4 + -2. Suppose x + 4 = u, 7*u + 2*x - 6 = r*u. Let o(p) = 10*p**3 + 4*p**2 - 2*p - 1. Is o(u) prime?
False
Let g(w) = w**3 - 5*w**2 - 7*w + 9. Let r be g(6). Suppose 1 + 3 = f. Suppose -782 = -r*p + f*d, 2*p = -0*p - 3*d + 493. Is p prime?
False
Suppose -8*s = -9*s. Suppose s = -0*z - 4*z + 724. Is z a prime number?
True
Suppose 2*k - 5*n + 2135 = 0, -1438 = k + 5*n - 408. Is 1*33*k/(-15) a prime number?
False
Let m(t) = -t**3. Let y(n) = 8*n**3 - 4*n**2 + 6*n + 7. Let g(c) = 6*m(c) + y(c). Is g(6) a composite number?
False
Let p = -7 + 12. Let j(n) = n**3 - 4*n**2 + n - 3. Let x be j(4). Is (x - p)/(4/(-10)) composite?
True
Let m = -397 - -776. Is m composite?
False
Suppose 40*v - 29*v - 131087 = 0. Is v a composite number?
True
Let v(k) be the first derivative of 110*k**3/3 - k**2 - 7*k - 8. Is v(3) prime?
True
Let l be (-56)/(-12) + 6/(-9). Suppose -3*w + l*a = 2*a - 6, -4*w + 4 = -4*a. Suppose -w*z + 955 = z. Is z a composite number?
False
Suppose -4*n - 5*q = -950, 4*q = 4*n - q - 970. Let m be 20/(-70) + n/7. Let z = m + -3. Is z a composite number?
False
Suppose -5*i - 4581 = 4*i. Let c = -286 - i. Is c prime?
True
Suppose 4*m + d - 10585 + 1974 = 0, 3*m = 5*d + 6464. Is m prime?
True
Is (-7)/(105/143103)*-5 a prime number?
True
Let a(z) = -39*z + 1. Let l(g) = -118*g + 3. Let t(o) = 8*a(o) - 3*l(o). Is t(5) prime?
False
Is (-426)/(-568) - (-2)/((-16)/(-7346)) prime?
True
Let c be (-2)/(-5) - (-10031)/35. Suppose -3*a = -2*a - 5*n - 272, a - 2*n = c. Let o = -170 + a. Is o a composite number?
False
Let z(l) = 19*l**2 + l + 11. Let s(w) = w**2 - 10*w + 9. Let b be s(6). Is z(b) a prime number?
True
Suppose -3*z + 11*t = 6*t - 16, t = -5*z + 8. Let x(q) be the first derivative of 26*q**2 - 7*q + 2. Is x(z) a prime number?
True
Suppose -2243*q + 2231*q + 1231980 = 0. Is q a prime number?
False
Suppose 16*r + 378809 = 19*r - 2*w, 0 = 5*r + 3*w - 631361. Is r a prime number?
True
Suppose -2*w + 2 = -2. Suppose -4 = -w*i + 5*b, -2*b - 5 = -i - 1. Let r = i + 10. Is r a prime number?
False
Let i be (-262)/6*(-3)/1. Suppose -15*q = -5*q - 2440. Let w = q - i. Is w prime?
True
Let p = 1898 + 4041. Is p composite?
False
Let x be 19/(-114) - 2/(-12). Suppose 5*z + 3*b - 19 - 15 = 0, 2*b - 6 = x. Suppose -233 - 92 = -z*i. Is i a composite number?
True
Let o be (16/12)/((-3)/(-108)). Suppose -t = 3*q + 116, -o = q - 4*t + 2*t. Is (-1)/5 + (-19408)/q composite?
True
Let l be 66/(-9) + (-2)/(-6). Is (-593)/l + (-10)/(-35) composite?
True
Let z(y) = -8*y. Let l be z(-1). Suppose 4*a - l*a - 4 = 0. Is 7/(-7) + 349 + a a prime number?
True
Let q(a) = a**3 - 5*a**2 - 8*a + 12. Let n be q(6). Suppose -m - 2*i + 158 = i, n = 3*m - 2*i - 441. Is m prime?
True
Suppose -a + 4 = 3*k, 0 = k + k + 3*a + 2. Is (4/(-8)*-1)/(k/892) a prime number?
True
Let g(q) = 57*q**2 + 4*q - 46. Is g(5) composite?
False
Let w(d) = 30*d**2 - d + 3. Let z be w(2). Suppose -4*u + 4*k + z = -47, 4*u + 3*k = 133. Is u composite?
False
Suppose -4*o = -8*o + 4*b + 26752, -b + 33410 = 5*o. Is o prime?
False
Is 3 + (-1)/(-6) + 1049335/30 a prime number?
True
Let y(h) = 17*h**2 - 21*h - 7. Let o(t) = -11*t**2 + 14*t + 5. Let m(p) = -8*o(p) - 5*y(p). Let j be ((-1)/(-2))/(2/(-24)). Is m(j) prime?
False
Let j(s) = -16604*s - 13. Is j(-1) composite?
True
Let f = 8 + -7. Let n(z) = 195*z - 3. Let r be n(f). Let p = 19 + r. Is p composite?
False
Let a be -4*(1 + 14/(-8)). Let x(r) = -11*r**a + 8*r + 0 + 10*r**3 + 9*r**2 - 1. Is x(8) a prime number?
True
Let x(h) be the first derivative of -11*h**2/2 - 6*h - 2. Let w be x(6). Let q = 157 + w. Is q a composite number?
True
Let z(d) = -92248*d**3 + 2*d**2 - 5*d - 4. Is z(-1) prime?
True
Suppose -j = 4*g - 26, -g = -3*g + 8. Is 297 - (0 + j/(-5)) composite?
True
Let k(i) = -1389*i - 41. Is k(-10) a composite number?
True
Suppose 6709 = 2*z + 1791. Is z prime?
True
Let q(o) = 5*o - 79. Let s(t) = -11*t + 158. Let f(h) = -5*q(h) - 2*s(h). Is f(0) a composite number?
False
Suppose o = 2*f + 14 - 118, -118 = o + 5*f. Let b = 32 + o. Let u = b + 207. Is u composite?
False
Suppose 11016 = v - 19198. Is v composite?
True
Suppose 2*x - x - 2*p = 26, 6 = -2*p. Let k be 35/x - 1/(-4). Suppose -b = -k*b + 295. Is b composite?
True
Suppose 2*y = 3 + 3. Let z be -3 - (-3 - (1 - -1)). Suppose -y*k + z*k = -251. Is k prime?
True
Suppose -5*o + 12*o - 8141 = 0. Let t = o - 406. Is t a prime number?
True
Let q(t) = -3*t**2 + 6*t. Let i(x) = -2*x**2 + 7*x - 1. Let u(k) = 4*i(k) - 3*q(k). Let a be u(-11). Let v = a - -12. Is v composite?
False
Suppose -10576 = -6*r + 30254. Is r composite?
True
Let r(y) = 1786*y**2 - 26*y + 17. Is r(5) a composite number?
False
Let d(v) = 2*v - 17. Let x be d(10). Suppose -1 - 5 = -x*t. Suppose -t*z - 3 = z, 3*z - 526 = -l. Is l composite?
True
Suppose -7705 = 9*r - 14*r. Is r composite?
True
Suppose 615 + 1243 = p. Let c = p + -543. Is c a prime number?
False
Let h = 9 - 5. Suppose -3603 = -5*j + h*f, 3*j - 4 = -2*f + 2149. Is j a composite number?
False
Suppose 5737 = 7*r - 1564. Is r composite?
True
Let v be 4*((-10)/32)/(4/(-16624)). Suppose -8*n + 3*n = -v. Is n a prime number?
True
Suppose -2*j + 1136 = -3*d + 8*d, 3*j = 3*d - 669. Let m = d + 41. Is m a composite number?
True
Suppose -4408 = -4*z + 4*r, -24*r + 19*r + 1108 = z. Is z prime?
True
Let w(c) = c - 11. Let b be w(6). Is (1 + -234)*(-6 - b) prime?
True
Suppose 2*u + 31 = 5*j, 0 = j + 4*u - 9 - 6. Suppose -j = 3*q - 1. Is (-1 - q)/((-2)/(-604)) a prime number?
False
Let p = -4 - -4. Suppose 4*z + 3 + 1 = p. Let k(h) = 15*h**2 - 1. Is k(z) prime?
False
Let v(k) = -144*k - 4. Let f be v(2). Let w = -183 - f. Is w composite?
False
Suppose 7*y - 2*y = 0. Suppose y*k = 4*k + 3*l - 586, -150 = -k + l. Suppose 0 = 10*p - 6*p - k. Is p prime?
True
Let z be